2 = 0. Suppose s - r - 62 = 0. What is the tens digit of s?
0
Suppose 0 = -17*v + 19*v - 4. Let w be -4 + ((-1)/2 - (-37)/v). Suppose 393 - 1205 = -w*g. What is the tens digit of g?
5
Suppose 3*b - 4*b - 23 = 5*u, 0 = -b - 3*u - 13. What is the hundreds digit of 590 - (-3)/(-6)*b*5?
5
Let s = -71 + 80. Let d be -4 - (3 - s - -2). Suppose d = -3*c + 3*r + 54, -5*c + 0*r + 3*r = -84. What is the units digit of c?
5
Let l(t) = -54*t - 9. Suppose 2*j = 4*j - 4. Suppose -3*v + v - j*k - 12 = 0, 0 = -2*v + 4*k + 12. What is the tens digit of l(v)?
9
Suppose -5*x + 11 + 9 = 0. Suppose -l + 5 = 3*n - 6, -x*n = 3*l - 8. Suppose 2*o = n*o - 153. What is the tens digit of o?
5
Let c = -35263 - -83648. What is the units digit of c?
5
Let j = 4519 - 2207. What is the thousands digit of j?
2
Suppose 0 = 5*i + 5 + 5. What is the tens digit of 865/(-3)*(i + 3)*-3?
6
Let o = 681 - -17710. What is the thousands digit of o?
8
Let g = 6762 + -589. What is the thousands digit of g?
6
Let p(r) = r**3 + 7*r**2 - 6*r + 19. Let o be p(-8). Suppose 57 = o*d + 9. What is the tens digit of 248/d*(0 + (0 - -2))?
3
Suppose -5*i - 2*y = -5920, -4*i + 5*y + 3785 = -951. Suppose 3620 - i = 6*r. What is the units digit of r?
6
Let z = -216 + 236. Suppose -s + 2*t + z = -0, 145 = 5*s + 5*t. What is the units digit of s?
6
What is the tens digit of (-2)/(16/(-331678)) - 4*15/80?
5
Suppose k - 5*l + 23 = 0, 4*l - 26 = -0*k - 3*k. Let y be (21 - 450/20)/(1/(-24)). What is the units digit of 3/(y/87) + k/(-8)?
7
Suppose a - 8263 = o, 3*o = a - 2*o - 8267. What is the thousands digit of a?
8
Suppose 5*x = 13881 + 25429. What is the tens digit of x?
6
Let z(i) = 1. Let v(f) = 3*f + 101. Let l(r) = v(r) + 6*z(r). What is the hundreds digit of l(14)?
1
Let q be (-20)/(-8)*192/20. Suppose -q*d + 21*d + 2250 = 0. What is the units digit of d?
0
Suppose 3*t + 6671 = 4*h - 11365, h - 4509 = -4*t. What is the units digit of h?
9
Let i be (-1)/4 - (-38)/(-8). Let b be ((-15)/i)/(-3) + 2*2. Suppose 188 = b*m - 7. What is the tens digit of m?
6
Let r = 57 - 35. Suppose -4*m = -r + 26. What is the tens digit of m*20*4/(-4)?
2
Let c(m) = -140*m**2 - 94*m + 165. Let b(f) = -35*f**2 - 23*f + 41. Let q(y) = -9*b(y) + 2*c(y). What is the tens digit of q(5)?
3
Suppose 315*i - 321*i = 252. Let c(s) = -s**3 - 41*s**2 + 24*s + 114. What is the tens digit of c(i)?
7
Suppose 14*u - 304290 = -12*u + 5*u. What is the thousands digit of u?
4
Let q(f) = 89*f**2 + 12*f + 76. What is the thousands digit of q(-11)?
0
Let u(q) = -8*q**3 - 31*q**2 - 45*q + 8. Let w(j) = 7*j**3 + 30*j**2 + 47*j - 6. Let p(f) = -6*u(f) - 7*w(f). What is the tens digit of p(-22)?
2
Suppose 5*s + 5*x = x + 106560, 63936 = 3*s - x. What is the tens digit of s?
1
Suppose 11 = 5*r + k, 3 = 5*r + 4*k - k. Let y(m) = 30 + r*m + m**3 + 12*m**2 + 0*m**3 - 39 - 6*m. What is the hundreds digit of y(-10)?
2
Let y = 11990 - -15220. What is the units digit of y?
0
Suppose -12*q + 16*q = 2*z - 854, -z = 5*q - 455. Suppose 4*x + 444 = 3*k, -2*k + 5*k - z = x. What is the tens digit of k?
4
Let m = 749 + -467. Let t = 1020 - m. What is the hundreds digit of t?
7
Let z(d) be the second derivative of -31*d**3/3 - 40*d**2 - 175*d. What is the units digit of z(-6)?
2
Let o = -2394 + 4060. What is the units digit of o?
6
Suppose 2*o = -h + 194, -o - o + 184 = -4*h. Suppose -88*l - 3808 = -o*l. What is the units digit of l?
6
Let h = -71 + 25. Let b = 11 - h. Suppose b*t = 53*t + 4. What is the units digit of t?
1
What is the units digit of (-62)/(-93)*(2 - (2 + -20388))?
2
Suppose -10 + 44 = 3*y + 5*l, 0 = 4*y - l - 7. Let j be (-36)/y*8/1. Let n = -46 - j. What is the units digit of n?
0
Suppose u = 4*x - 22, 3*x + u - 20 = -0*u. Let s be (x/(-9))/(1*4/(-6)). Let t(h) = 2*h**3 - h**2 + h - 1. What is the units digit of t(s)?
1
Let x(d) = -5*d - 27. Let i = 61 - 45. Suppose -2*v - a - 48 = v, -v - i = 5*a. What is the units digit of x(v)?
3
Suppose -3*k = -2*i, 0 = -3*k + 4*k - 2*i + 4. Suppose -x + 2*m = -101, -4*x + 404 = -0*m + k*m. What is the hundreds digit of x?
1
Suppose -69*x + 5916609 = 121*x + 71*x. What is the ten thousands digit of x?
2
Suppose -3*v + 2*c = -c + 81, -5*v = -3*c + 125. Let h = v - -32. Suppose 0 = 2*b + h, 5*b - 516 = -3*q + 2. What is the tens digit of q?
8
Let z be 114/76 - (-2)/(-4). What is the units digit of 8/10*z - (-693)/15?
7
Suppose -5*z + 4*k = -8, -5*k = 5*z - 3 - 32. Suppose -j + 38 = 5. Suppose z*i - j = 211. What is the units digit of i?
1
Suppose 131*v - 144418 - 91251 = 0. What is the thousands digit of v?
1
Let y be (-36)/(-10)*(3 + 178/4). Let q = 286 + y. What is the units digit of q?
7
Let y = -427 - -818. Let g(n) = -43*n + 521. Let h be g(12). Suppose -a + 2*f + 97 = 0, h*a = 3*f + y + 73. What is the units digit of a?
1
Let k(h) = -h**3 - h**2 + 560*h + 22280. What is the tens digit of k(0)?
8
Let v(a) = -2*a**2 - a + 4. Let h be v(2). Let k be ((-16)/h)/(13/78). Let i = k - -17. What is the units digit of i?
3
Let r(l) = 10*l + 10 + 3 + 2 + 0. Let h be r(-9). What is the tens digit of 6 - 3 - (5 + h)?
7
Suppose -43055 = 4*s + 2*q - 111383, 0 = -s - 5*q + 17073. What is the hundreds digit of s?
0
Let v(w) = 10*w**2 + 76*w - 1554. What is the thousands digit of v(28)?
8
Let p(n) = -59*n + 14. Suppose 2*k + 5*b - 16 - 1 = 0, 3*k + 4*b = 8. What is the units digit of p(k)?
0
Let l(t) = t**3 + 10*t**2 + 19. Let a = 39 - 49. Let s be l(a). Suppose 5*u - 4*g - 21 = s, 0 = 3*u + 5*g - 24. What is the units digit of u?
8
Let k = -2303 + 8382. What is the tens digit of k?
7
Let j be (10 - 16)/((-3)/34). Let b be -3 + 4 + j + -2. Suppose 0 = -z - 2*l + b, -3*z + 343 = 2*z + 2*l. What is the units digit of z?
9
Let y(w) = 7*w + 3. Let z be y(5). Let k = z + -40. What is the tens digit of -140*(k + (-16)/(-10))?
5
What is the tens digit of 1044087/132 + 7/(-4)?
0
Let c(a) = -36*a**3 - 2*a**2 - a. Let l(b) = 2*b - 21. Suppose 28 = 5*p - 22. Let m be l(p). What is the units digit of c(m)?
5
Let d(v) = -3417*v + 319. What is the thousands digit of d(-2)?
7
Suppose -114*c + 107*c + 1267 = 0. Let t = -111 + c. What is the tens digit of t?
7
Suppose 367*j = 368*j + 578. Let a = j + 840. What is the tens digit of a?
6
Suppose -52*x + 313410 = 10*x. What is the tens digit of x?
5
Suppose c + 44 = 5*n - 2*n, 2*n - 51 = 5*c. Suppose 3*d = -4*l + 127, -3*l - n + 118 = -d. Suppose 2*j - 236 = -l. What is the tens digit of j?
0
Let m(t) = 2*t**3 - 13*t**2 - 9*t - 22. Let p be 2/11 + 4998/462. What is the units digit of m(p)?
8
Let f(m) = -m**2 - 25*m + 23. Let g(h) be the second derivative of -5*h**3/6 + 31*h**2/2 - 17*h. Let z be g(10). What is the hundreds digit of f(z)?
1
Let l(p) be the second derivative of -p**5/20 - 5*p**4/12 + p**3/3 + 2*p**2 - 23*p. Let b be l(-5). Let m(y) = -27*y - 20. What is the hundreds digit of m(b)?
1
Suppose -1 = r, 3*k - 4 = r - 3. Suppose k = u - 187 - 233. Suppose 3*n - 3*j - 252 = 0, n + j + u = 6*n. What is the units digit of n?
4
Suppose -5371 - 497 = -6*h. What is the units digit of (10 - 1)*h/9?
8
Let p(l) be the second derivative of -l**5/20 + 4*l**4/3 - 28*l**3/3 - 15*l**2/2 + 207*l. What is the units digit of p(7)?
4
Let c = -523 - -518. What is the tens digit of 1369 - -7*(4 + c)?
6
Suppose -9797*l + 9814*l - 624699 = 0. What is the hundreds digit of l?
7
What is the tens digit of -4 - -2 - -1165 - ((0 - 5) + 8)?
6
Let u(p) = -2*p**2 - 16*p - 11. Let j be u(-7). Suppose j*s + 3*z = 5*s - 48, -4*z = 16. Suppose 2*c - 5*x = 20 + 11, 5*x = c - s. What is the tens digit of c?
1
Suppose 8 = a - 0. Suppose z = 1 + a. Suppose 10*c - 19 = z*c. What is the units digit of c?
9
Let a = -134 - -78. Let d = a - -62. Suppose -d*m - 207 = -615. What is the units digit of m?
8
Let u = 216 + -196. Suppose 2*b + 3*t + 81 = -3*b, t + 87 = -5*b. Let f = u - b. What is the units digit of f?
8
Let h be 1/2*(1 + 7). Suppose 14 = -h*b - 10. What is the tens digit of (89/b)/((-7)/42)?
8
Suppose 95 = u - 96. Let s = -340 + u. Let t = -78 - s. What is the tens digit of t?
7
Suppose -460 = -48*x + 44*x. What is the units digit of 1942*1*(x/10)/23?
1
Suppose 10920 + 11510 = 5*p - 5*g, 3*g + 15 = 0. What is the tens digit of p?
8
Suppose -3*f + 7*f - 40 = 0. Let a(h) = -4 + 195*h - 185*h - f. What is the uni